 remainder when 7635011 is divided by 132?
131
What is the remainder when 26748972 is divided by 21280?
12
What is the remainder when 4723 is divided by 513?
106
Calculate the remainder when 7816803 is divided by 231.
225
What is the remainder when 24225 is divided by 5224?
3329
What is the remainder when 132245 is divided by 696?
5
What is the remainder when 672625 is divided by 664?
657
What is the remainder when 46001134 is divided by 11768?
22
What is the remainder when 8994506 is divided by 16534?
10
Calculate the remainder when 706110 is divided by 8030.
7500
What is the remainder when 2628989 is divided by 304?
301
Calculate the remainder when 35854 is divided by 120.
94
What is the remainder when 454118 is divided by 226509?
1100
Calculate the remainder when 74318 is divided by 2323.
2305
What is the remainder when 1942438 is divided by 822?
52
What is the remainder when 442691 is divided by 147179?
1154
What is the remainder when 1043609 is divided by 35984?
73
What is the remainder when 3272280 is divided by 818068?
8
Calculate the remainder when 5168994 is divided by 600.
594
Calculate the remainder when 13592201 is divided by 27.
23
Calculate the remainder when 214539 is divided by 220.
39
What is the remainder when 332388 is divided by 16076?
10868
Calculate the remainder when 31642958 is divided by 11737.
6
What is the remainder when 748672 is divided by 470?
432
What is the remainder when 3861 is divided by 3725?
136
What is the remainder when 2566371 is divided by 122205?
66
What is the remainder when 16531360 is divided by 73?
72
Calculate the remainder when 8059848 is divided by 974.
972
Calculate the remainder when 12453648 is divided by 1404.
168
What is the remainder when 40323327 is divided by 516?
507
Calculate the remainder when 107063 is divided by 1151.
20
What is the remainder when 220970 is divided by 55195?
190
What is the remainder when 10062765 is divided by 718?
713
Calculate the remainder when 2748384 is divided by 841.
837
Calculate the remainder when 325691 is divided by 250.
191
What is the remainder when 3692381 is divided by 22513?
249
What is the remainder when 657960 is divided by 28557?
1149
Calculate the remainder when 742436 is divided by 3242.
18
What is the remainder when 48903381 is divided by 5374?
5355
Calculate the remainder when 40683398 is divided by 124.
114
Calculate the remainder when 15592891 is divided by 13477.
2
Calculate the remainder when 9154588 is divided by 8.
4
What is the remainder when 4499594 is divided by 1499863?
5
Calculate the remainder when 12493797 is divided by 4164598.
3
What is the remainder when 3038322 is divided by 3038202?
120
Calculate the remainder when 3546210 is divided by 2837.
2797
Calculate the remainder when 838434 is divided by 612.
606
Calculate the remainder when 25514 is divided by 8483.
65
Calculate the remainder when 2974394 is divided by 55.
49
What is the remainder when 3111010 is divided by 792?
34
What is the remainder when 2835208661 is divided by 11?
10
What is the remainder when 384197 is divided by 1940?
77
What is the remainder when 30080066 is divided by 38?
26
What is the remainder when 207923933 is divided by 1734?
1727
Calculate the remainder when 429224 is divided by 6922.
60
Calculate the remainder when 290320 is divided by 144601.
1118
Calculate the remainder when 41535 is divided by 7386.
4605
What is the remainder when 1006822 is divided by 913?
696
What is the remainder when 1520705 is divided by 4513?
4337
What is the remainder when 221487592 is divided by 21?
4
What is the remainder when 520833 is divided by 4235?
4163
Calculate the remainder when 75473 is divided by 664.
441
What is the remainder when 78415 is divided by 1324?
299
What is the remainder when 505739 is divided by 4556?
23
What is the remainder when 5565405 is divided by 596?
553
Calculate the remainder when 61888429 is divided by 10314737.
7
What is the remainder when 1686039 is divided by 337205?
14
Calculate the remainder when 12799359 is divided by 1728.
63
Calculate the remainder when 518285 is divided by 547.
276
Calculate the remainder when 167772 is divided by 6887.
2484
Calculate the remainder when 26282346 is divided by 193.
185
What is the remainder when 551637 is divided by 1970?
37
Calculate the remainder when 108578 is divided by 3115.
2668
What is the remainder when 203853323 is divided by 46?
45
What is the remainder when 517375949 is divided by 273?
272
Calculate the remainder when 20222330 is divided by 6740766.
32
Calculate the remainder when 93210 is divided by 1110.
1080
Calculate the remainder when 9207485 is divided by 7.
0
What is the remainder when 1270195 is divided by 1432?
11
What is the remainder when 1309495 is divided by 1309489?
6
Calculate the remainder when 53660 is divided by 10598.
670
Calculate the remainder when 649906 is divided by 216614.
64
Calculate the remainder when 88649 is divided by 43129.
2391
Calculate the remainder when 17998989 is divided by 4499742.
21
Calculate the remainder when 28590491 is divided by 203.
174
Calculate the remainder when 3175606 is divided by 22.
16
Calculate the remainder when 286469 is divided by 143225.
19
Calculate the remainder when 143595 is divided by 20409.
732
Calculate the remainder when 1814225 is divided by 907102.
21
What is the remainder when 518605 is divided by 743?
734
What is the remainder when 6988300 is divided by 1275?
25
Calculate the remainder when 9076789 is divided by 1830.
1819
What is the remainder when 2171938 is divided by 1379?
13
What is the remainder when 4434660 is divided by 1214?
1132
What is the remainder when 1756687 is divided by 7350?
37
Calculate the remainder when 200932 is divided by 3364.
2456
Calculate the remainder when 3521689 is divided by 91.
80
What is the remainder when 1219207 is divided by 894?
685
What is the remainder when 21355801 is divided by 29?
27
What is the remainder when 478180 is divided by 2379?
1
What is the remainder when 22483397 is divided by 646?
13
Calculate the remainder when 39116330 is divided by 4404.
2
What is the remainder when 243821 is divided by 240818?
3003
Calculate the remainder when 1733195 is divided by 981.
749
What is the remainder when 372464 is divided by 1245?
209
What is the remainder when 181256061 is divided by 363?
360
Calculate the remainder when 47745204 is divided by 359.
358
What is the remainder when 172003 is divided by 42771?
919
What is the remainder when 102346392 is divided by 482766?
0
What is the remainder when 409770 is divided by 31451?
907
What is the remainder when 31745133 is divided by 419?
17
Calculate the remainder when 18383477 is divided by 1671224.
13
Calculate the remainder when 170220 is divided by 56126.
1842
Calculate the remainder when 433456 is divided by 3621.
2557
Calculate the remainder when 34540 is divided by 17163.
214
What is the remainder when 328737 is divided by 268?
169
What is the remainder when 258308329 is divided by 14?
13
What is the remainder when 10721 is divided by 3134?
1319
Calculate the remainder when 46063 is divided by 805.
178
What is the remainder when 57873009 is divided by 674?
673
What is the remainder when 3235673 is divided by 44?
1
Calculate the remainder when 6581797 is divided by 25.
22
Calculate the remainder when 222868439 is divided by 43.
41
What is the remainder when 335057 is divided by 66997?
72
What is the remainder when 36272 is divided by 9044?
96
Calculate the remainder when 506314 is divided by 9.
1
What is the remainder when 199978 is divided by 55?
53
What is the remainder when 1292 is divided by 1095?
197
Calculate the remainder when 217396 is divided by 21718.
216
What is the remainder when 1527350 is divided by 1527305?
45
What is the remainder when 4078086 is divided by 8640?
6
Calculate the remainder when 140271 is divided by 1133.
912
Calculate the remainder when 1530351 is divided by 1530337.
14
What is the remainder when 60020833 is divided by 147?
145
What is the remainder when 306101 is divided by 102?
101
Calculate the remainder when 501989 is divided by 1874.
1631
What is the remainder when 122361 is divided by 112?
57
What is the remainder when 234600 is divided by 1422?
1392
What is the remainder when 8312707 